 of u and t?
5
Let w = 56 + -35. Calculate the greatest common divisor of w and 231.
21
Suppose 24 = 3*d + 2*m - 23, 5*m - 13 = -2*d. Calculate the greatest common factor of 1 and d.
1
Suppose 0 = 2*g - 0*g - 26. Let d = 3 - -10. Calculate the highest common factor of d and g.
13
Suppose 4*t + 2*s - 1188 = 0, s - 2*s + 2 = 0. Suppose 1176 - t = 4*y. What is the highest common divisor of 22 and y?
22
Suppose 2*u - 15 = -3. Calculate the greatest common divisor of u and 18.
6
Let q be (-6)/21 - 4/(-14). Suppose q = -3*a + 9, a + 210 = 2*c - a. What is the greatest common factor of 12 and c?
12
Let n(q) = q**2 + 5*q - 4. Let l be n(-7). Let r be (1 + 4)/((-2)/4). Let a be (-6)/(1 - (-14)/r). Calculate the highest common factor of l and a.
5
Suppose 3*c = 5*k - c - 408, -c = -3. What is the highest common divisor of 6 and k?
6
Let w = -4 - -23. Let j(r) = -r**3 - 5*r**2 - 4*r - 1. Let v be j(-5). What is the greatest common divisor of v and w?
19
Let k be 3/6 - 9/(-6). Let n = 5 - k. Suppose 0*v - 3*v = -n. Calculate the greatest common factor of v and 2.
1
Let f = -18 + 17. Let y be 14 - -3 - f/1. Calculate the greatest common divisor of 18 and y.
18
Let f = 0 + 0. Let o = 12 - 31. Let i be 2/((-2)/o - f). What is the highest common divisor of 19 and i?
19
Suppose 4*y - o = -35, -3*y + o - 3 = 23. Let i be ((-9)/(-6))/(y/(-60)). Calculate the highest common factor of 50 and i.
10
Let o = -36 + 156. Suppose 2*y - 3*r = o + 21, -9 = 3*r. Suppose 0 = -3*z + y - 12. Calculate the highest common divisor of z and 9.
9
Let c(z) = -2*z**2 + 23*z + 15. Let h be c(11). Calculate the highest common divisor of 39 and h.
13
Let x(i) = i**2 - 10*i - 8. Let h be x(12). What is the greatest common divisor of 80 and h?
16
Let q(i) = 6*i**3 + 2*i - 2. Let y be q(2). Calculate the highest common factor of 10 and y.
10
Let i be 15*(-2)/(30/(-117)). What is the highest common divisor of i and 13?
13
Suppose -4*f + f = 0. Let y(a) = -a + 10. Let o be y(f). What is the greatest common factor of o and 15?
5
Let z = 1 + 1. Calculate the highest common factor of z and 10.
2
Suppose 2*d - 9 = -1. Suppose 61 + d = 5*h. Let n = 138 + -86. Calculate the greatest common factor of h and n.
13
Let o(s) = -6*s + 14. Let w be o(-9). What is the greatest common divisor of w and 17?
17
Let d be (-2)/(2 + -4) - 19. Let b = -11 - d. What is the highest common factor of 35 and b?
7
Suppose 12*r - 7*r - 30 = 0. Calculate the greatest common factor of r and 42.
6
Suppose 0 = -0*q + q - 24. Suppose -3*o = -m - 792, -o - 3*o + 4*m + 1056 = 0. Calculate the highest common divisor of q and o.
24
Suppose -4*m = 3*b + 10, m = 3*b - 0*m + 35. Let l be (b + 12)/(1/27). What is the greatest common factor of l and 36?
18
Let t(j) = j**2 + 9*j + 5. Let a be t(-9). Suppose a*o - 29 = -9. Suppose 4*v + 12 = 3*m, o*v = 5*m - 39 + 11. What is the highest common factor of m and 2?
2
Suppose 4*c - 19 = 4*q - 63, 2*q - 4*c = 32. Suppose 245 = 5*z - s, 3*z = -2*z - 4*s + 220. Calculate the highest common factor of z and q.
6
Let z be (-31)/(-11) - 22/(-121). Suppose 6*u = z*u + 54. Calculate the greatest common divisor of 45 and u.
9
Let m = 6 - 6. Suppose -4*f + 2 + 2 = m. Suppose y - 11 = -3*u, 2*u + 7 = 4*y + 19. What is the greatest common factor of u and f?
1
Let f = -18 - -28. What is the greatest common divisor of f and 25?
5
Let z = -34 + 74. What is the highest common factor of z and 360?
40
Let g be -3 - (-4 - 84) - 4. Calculate the highest common factor of 18 and g.
9
Suppose -5*c + 4*p + 10 = -3*c, 81 = 5*c + 4*p. Let k(w) = -w**3 + 5*w**2 + 7*w + 7. Let y be k(6). Calculate the greatest common factor of y and c.
13
Suppose -d = 2*x - 3 - 25, 0 = 5*x - 4*d - 57. Suppose 4*i + 19 + 53 = 0. Let k = 135 + i. What is the highest common factor of k and x?
13
Let p(q) be the second derivative of -q**4/12 + q**3 + 5*q**2/2 + 2*q. Let b = -15 - -20. Let y be p(b). What is the greatest common factor of y and 20?
10
Suppose 11*x = 5*x + 84. What is the highest common factor of 35 and x?
7
Let x(j) = -j**2 + 7*j + 10. Let w be x(7). What is the greatest common divisor of 2 and w?
2
Suppose n - 2*n = -5*v - 3, 5*v - 3 = 4*n. Let t be 280/12 - n/3. Suppose 5*w - t = w. Calculate the greatest common factor of 6 and w.
6
Let p(m) = -m**3 + 4*m**2 - 4*m + 2. Let f be p(2). Let j be (0/1)/(f/(-2)). Suppose j*i = -5*i + 320. Calculate the highest common divisor of 16 and i.
16
Let b = 75 + -54. Let x(a) be the first derivative of 18*a**2 - 3*a + 1. Let l be x(3). What is the greatest common divisor of l and b?
21
Let y(h) = -6*h - 27. Let v be y(-9). Calculate the highest common divisor of v and 108.
27
Let m = -16 - -24. Let b(n) = n**3 - 9*n**2 + 9*n - 4. Let p be b(8). Calculate the greatest common divisor of p and m.
4
Let v be (4/(-6))/((-2)/(-114)). Let p = -53 - v. Let q be (102/p)/(2/(-10)). Calculate the greatest common divisor of q and 17.
17
Suppose 0 = -5*h - 0*h - 4*s + 44, -4*s + 4 = 0. Let k(w) = -33*w**3 - w**2. Let g be k(-1). What is the greatest common divisor of h and g?
8
Let s be 88 + 1 + -3 - 0. Let j = s + -38. What is the highest common factor of 6 and j?
6
Suppose o - 400 = -3*o. Suppose -2*u = -3*u + o. Let y be u/15 - (-2)/(-3). What is the highest common factor of y and 6?
6
Suppose 4*x - 5 = -x. Suppose -10*w + 27 = -7*w. Calculate the greatest common factor of w and x.
1
Suppose -3*t = -42 - 3. Let s = t + 73. Calculate the greatest common divisor of s and 11.
11
Let o be 0/(-1 - 2) + 2. Suppose -o*w + 20 = -0*w. Let r = 10 + -6. Calculate the highest common factor of w and r.
2
Let n(a) = -4*a**2 + 4*a - 4 - 2*a + 5*a + 5*a**2. Let s be n(-8). Let z(x) = 15*x - 2. Let c be z(2). Calculate the highest common factor of s and c.
4
Let s be (9/12)/((-2)/(-8)). Suppose 1345 = s*n + 2*n. Let y = -189 + n. What is the highest common factor of 10 and y?
10
Suppose -2*n + 4*t = -50 - 0, -n + 3*t = -28. What is the highest common factor of 57 and n?
19
Suppose -3 = -3*x - 6. Let m be (3/2)/(x/(-8)). Calculate the highest common divisor of m and 36.
12
Suppose -3*t = 3, -4*n + 43 = -0*n + 5*t. What is the highest common divisor of n and 60?
12
Suppose 0*s = -s + 32. Let n be s/(-6)*105/(-10). What is the greatest common factor of n and 7?
7
Let h = -868 - -1265. Suppose 0*b = -b + h. Let s = -254 + b. Calculate the greatest common divisor of 13 and s.
13
Let g(b) = -4*b - 4. Let w be g(-3). Suppose -w*d = -3*d - 90. Let h(n) = n**3 - 4*n**2 - n + 7. Let x be h(5). What is the greatest common factor of d and x?
9
Suppose -3*d = -0*d - 99. Let l(h) = h**2 - 7*h + 9. Let z be l(6). Calculate the greatest common divisor of d and z.
3
Let i(x) = -2*x + 3. Let l be i(-7). Suppose 0 = -j + q + l, -2*q + 1 = -j + 17. What is the greatest common divisor of j and 54?
18
Let w(n) = n**2 + n + 2. Let r be w(4). Let u be (-20)/(-11) - (-12)/66. Let o = 4 - u. What is the highest common factor of r and o?
2
Suppose -7*r + 25 + 3 = 0. Let z be 40/(-6)*24/(-20). What is the greatest common divisor of z and r?
4
Suppose 4*p + 2*x = 28, -4*x - 2 = -2*p + x. Calculate the highest common divisor of 42 and p.
6
Let d(l) = l**3 - 8*l**2 - 9*l + 3. Let w = -20 + 29. Let c be d(w). Let r = c - -53. Calculate the highest common divisor of r and 7.
7
Suppose k + 1 = 5. Suppose k*q + 0*q = r - 18, 0 = r + 5*q. Suppose 0 = 5*v - 27 + 2. What is the greatest common divisor of v and r?
5
Let i(p) = -p**3 - 10*p**2 - 9*p + 1. Let b be i(-9). Calculate the highest common factor of 1 and b.
1
Suppose -35 - 29 = -4*p. Calculate the highest common factor of 8 and p.
8
Let i = -3 - -51. Let g = 196 + -164. What is the highest common divisor of g and i?
16
Suppose -2*c + 13 = 5. Suppose -3*z + 2*g = -32, -4*z = c*g - 2 - 14. Calculate the greatest common factor of 20 and z.
4
Let z be (-4)/(-14) + 4/(-14). Suppose -1 + 3 = t. Suppose r + 6*o = t*o + 20, -3*r + 5*o + 9 = z. What is the greatest common divisor of 2 and r?
2
Let g = -22 - -32. Calculate the greatest common factor of 30 and g.
10
Suppose 3*l - l = -u + 179, 4*u = -4*l + 356. Suppose -185 = -5*t - 0*t. Let d be (t - 3) + (-2)/(-1). What is the greatest common factor of d and l?
18
Suppose 2*h + 557 = i + 4*i, -551 = -5*i - 4*h. Calculate the highest common divi